{"id":148,"date":"2023-03-08T18:30:19","date_gmt":"2023-03-08T17:30:19","guid":{"rendered":"https:\/\/thomasalberico-avocat.fr\/?page_id=148"},"modified":"2026-07-28T11:47:53","modified_gmt":"2026-07-28T09:47:53","slug":"contact","status":"publish","type":"page","link":"https:\/\/thomasalberico-avocat.fr\/index.php\/contact\/","title":{"rendered":"Contact"},"content":{"rendered":"\n<div class=\"wp-block-group alignfull has-global-padding is-layout-constrained wp-block-group-is-layout-constrained\">\n<div class=\"wp-block-group alignfull is-content-justification-space-between is-layout-flex wp-container-core-group-is-layout-8a31a4b2 wp-block-group-is-layout-flex\" style=\"padding-top:1em;padding-right:1em;padding-bottom:0em;padding-left:1em\">\n<div class=\"wp-block-group is-layout-flex wp-block-group-is-layout-flex\"><div class=\"wp-block-site-logo\"><a href=\"https:\/\/thomasalberico-avocat.fr\/\" class=\"custom-logo-link\" rel=\"home\"><img loading=\"lazy\" decoding=\"async\" width=\"60\" height=\"62\" src=\"https:\/\/thomasalberico-avocat.fr\/wp-content\/uploads\/2022\/10\/cropped-Logo-paint-inverse-1.png\" class=\"custom-logo\" alt=\"Ma\u00eetre Thomas Alberico\" \/><\/a><\/div>\n\n<h1 class=\"wp-block-site-title has-medium-font-size\"><a href=\"https:\/\/thomasalberico-avocat.fr\" target=\"_self\" rel=\"home\">Ma\u00eetre Thomas Alberico<\/a><\/h1><\/div>\n\n\n<nav class=\"has-medium-font-size is-responsive items-justified-right wp-block-navigation has-source-serif-pro-font-family is-content-justification-right is-layout-flex wp-container-core-navigation-is-layout-de66bf79 wp-block-navigation-is-layout-flex\" aria-label=\"Menu principal\" \n\t\t data-wp-interactive=\"core\/navigation\" data-wp-context='{\"overlayOpenedBy\":{\"click\":false,\"hover\":false,\"focus\":false},\"type\":\"overlay\",\"roleAttribute\":\"\",\"ariaLabel\":\"Menu\"}'><button aria-haspopup=\"dialog\" aria-label=\"Open menu\" class=\"wp-block-navigation__responsive-container-open\" \n\t\t\t\tdata-wp-on--click=\"actions.openMenuOnClick\"\n\t\t\t\tdata-wp-on--keydown=\"actions.handleMenuKeydown\"\n\t\t\t><svg width=\"24\" height=\"24\" xmlns=\"http:\/\/www.w3.org\/2000\/svg\" viewBox=\"0 0 24 24\" aria-hidden=\"true\" focusable=\"false\"><path d=\"M4 7.5h16v1.5H4z\"><\/path><path d=\"M4 15h16v1.5H4z\"><\/path><\/svg><\/button>\n\t\t\t\t<div class=\"wp-block-navigation__responsive-container\"  id=\"modal-1\" \n\t\t\t\tdata-wp-class--has-modal-open=\"state.isMenuOpen\"\n\t\t\t\tdata-wp-class--is-menu-open=\"state.isMenuOpen\"\n\t\t\t\tdata-wp-watch=\"callbacks.initMenu\"\n\t\t\t\tdata-wp-on--keydown=\"actions.handleMenuKeydown\"\n\t\t\t\tdata-wp-on--focusout=\"actions.handleMenuFocusout\"\n\t\t\t\ttabindex=\"-1\"\n\t\t\t>\n\t\t\t\t\t<div class=\"wp-block-navigation__responsive-close\" tabindex=\"-1\">\n\t\t\t\t\t\t<div class=\"wp-block-navigation__responsive-dialog\" \n\t\t\t\tdata-wp-bind--aria-modal=\"state.ariaModal\"\n\t\t\t\tdata-wp-bind--aria-label=\"state.ariaLabel\"\n\t\t\t\tdata-wp-bind--role=\"state.roleAttribute\"\n\t\t\t>\n\t\t\t\t\t\t\t<button aria-label=\"Close menu\" class=\"wp-block-navigation__responsive-container-close\" \n\t\t\t\tdata-wp-on--click=\"actions.closeMenuOnClick\"\n\t\t\t><svg xmlns=\"http:\/\/www.w3.org\/2000\/svg\" viewBox=\"0 0 24 24\" width=\"24\" height=\"24\" aria-hidden=\"true\" focusable=\"false\"><path d=\"m13.06 12 6.47-6.47-1.06-1.06L12 10.94 5.53 4.47 4.47 5.53 10.94 12l-6.47 6.47 1.06 1.06L12 13.06l6.47 6.47 1.06-1.06L13.06 12Z\"><\/path><\/svg><\/button>\n\t\t\t\t\t\t\t<div class=\"wp-block-navigation__responsive-container-content\" \n\t\t\t\tdata-wp-watch=\"callbacks.focusFirstElement\"\n\t\t\t id=\"modal-1-content\">\n\t\t\t\t\t\t\t\t<ul class=\"wp-block-navigation__container has-medium-font-size is-responsive items-justified-right wp-block-navigation has-source-serif-pro-font-family\"><li class=\"wp-block-navigation-item wp-block-navigation-link\"><a class=\"wp-block-navigation-item__content\"  href=\"https:\/\/thomasalberico-avocat.fr\" target=\"_blank\"  ><span class=\"wp-block-navigation-item__label\">Accueil<\/span><\/a><\/li><li class=\"wp-block-navigation-item wp-block-navigation-link\"><a class=\"wp-block-navigation-item__content\"  href=\"https:\/\/thomasalberico-avocat.fr\/index.php\/presentation\/\"><span class=\"wp-block-navigation-item__label\">Pr\u00e9sentation<\/span><\/a><\/li><li class=\"wp-block-navigation-item wp-block-navigation-link\"><a class=\"wp-block-navigation-item__content\"  href=\"https:\/\/thomasalberico-avocat.fr\/index.php\/competences\/\"><span class=\"wp-block-navigation-item__label\">Domaines de comp\u00e9tences<\/span><\/a><\/li><li class=\"wp-block-navigation-item wp-block-navigation-link\"><a class=\"wp-block-navigation-item__content\"  href=\"https:\/\/thomasalberico-avocat.fr\/index.php\/honoraires-2\/\"><span class=\"wp-block-navigation-item__label\">Honoraires<\/span><\/a><\/li><li class=\"wp-block-navigation-item wp-block-navigation-link\"><a class=\"wp-block-navigation-item__content\"  href=\"https:\/\/thomasalberico-avocat.fr\/index.php\/mentions-legales\/\"><span class=\"wp-block-navigation-item__label\">Mentions l\u00e9gales<\/span><\/a><\/li><li class=\"wp-block-navigation-item wp-block-navigation-link\"><a class=\"wp-block-navigation-item__content\"  href=\"https:\/\/thomasalberico-avocat.fr\/index.php\/contact\/\"><span class=\"wp-block-navigation-item__label\">Contact<\/span><\/a><\/li><\/ul>\n\t\t\t\t\t\t\t\t\n\t\t\t\t\t\t\t<\/div>\n\t\t\t\t\t\t<\/div>\n\t\t\t\t\t<\/div>\n\t\t\t\t<\/div><\/nav><\/div>\n<\/div>\n\n\n\n<p class=\"has-text-align-left has-source-serif-pro-font-family wp-block-paragraph\"><br><strong>Contact<\/strong><\/p>\n\n\n\n<p class=\"wp-block-paragraph\">Vous pouvez me contacter par t\u00e9l\u00e9phone, par courriel ou par courrier.<\/p>\n\n\n\n<p class=\"wp-block-paragraph\">Un premier \u00e9change t\u00e9l\u00e9phonique pourra \u00eatre organis\u00e9 et permettra de pr\u00e9ciser l\u2019objet de votre demande et, le cas \u00e9ch\u00e9ant, les modalit\u00e9s d\u2019une intervention. <br>Il ne donne pas lieu \u00e0 facturation.<\/p>\n\n\n\n<p class=\"has-text-align-left has-source-serif-pro-font-family wp-block-paragraph\"><br> <br>Vous pouvez me contacter :<\/p>\n\n\n\n<div class=\"wp-block-media-text alignwide is-stacked-on-mobile has-source-serif-pro-font-family\" style=\"font-size:clamp(0.875rem, 0.875rem + ((1vw - 0.2rem) * 0.591), 1.2rem);grid-template-columns:18% auto\"><figure class=\"wp-block-media-text__media\"><img loading=\"lazy\" decoding=\"async\" width=\"1024\" height=\"755\" src=\"https:\/\/thomasalberico-avocat.fr\/wp-content\/uploads\/2023\/03\/pexels-cottonbro-studio-4065617-scaled-e1678297364654-1024x755.jpg\" alt=\"\" class=\"wp-image-156 size-medium\" srcset=\"https:\/\/thomasalberico-avocat.fr\/wp-content\/uploads\/2023\/03\/pexels-cottonbro-studio-4065617-scaled-e1678297364654-1024x755.jpg 1024w, https:\/\/thomasalberico-avocat.fr\/wp-content\/uploads\/2023\/03\/pexels-cottonbro-studio-4065617-scaled-e1678297364654-300x221.jpg 300w, https:\/\/thomasalberico-avocat.fr\/wp-content\/uploads\/2023\/03\/pexels-cottonbro-studio-4065617-scaled-e1678297364654-768x567.jpg 768w, https:\/\/thomasalberico-avocat.fr\/wp-content\/uploads\/2023\/03\/pexels-cottonbro-studio-4065617-scaled-e1678297364654-1536x1133.jpg 1536w, https:\/\/thomasalberico-avocat.fr\/wp-content\/uploads\/2023\/03\/pexels-cottonbro-studio-4065617-scaled-e1678297364654.jpg 1708w\" sizes=\"auto, (max-width: 1024px) 100vw, 1024px\" \/><\/figure><div class=\"wp-block-media-text__content\">\n<p class=\"has-text-align-left wp-block-paragraph\">Par courriel :<\/p>\n\n\n\n<p class=\"has-text-align-left wp-block-paragraph\"><strong>contact@thomasalberico-avocat.fr<\/strong><\/p>\n<\/div><\/div>\n\n\n\n<div class=\"wp-block-media-text alignwide is-stacked-on-mobile has-source-serif-pro-font-family\" style=\"margin-top:0;margin-right:0;margin-bottom:0;margin-left:var(--wp--preset--spacing--60);font-size:clamp(0.875rem, 0.875rem + ((1vw - 0.2rem) * 0.591), 1.2rem);grid-template-columns:18% auto\"><figure class=\"wp-block-media-text__media\"><img loading=\"lazy\" decoding=\"async\" width=\"1024\" height=\"683\" src=\"https:\/\/thomasalberico-avocat.fr\/wp-content\/uploads\/2023\/03\/pexels-lumn-190295-scaled-e1678297511127-1024x683.jpg\" alt=\"\" class=\"wp-image-155 size-thumbnail\" srcset=\"https:\/\/thomasalberico-avocat.fr\/wp-content\/uploads\/2023\/03\/pexels-lumn-190295-scaled-e1678297511127-1024x683.jpg 1024w, https:\/\/thomasalberico-avocat.fr\/wp-content\/uploads\/2023\/03\/pexels-lumn-190295-scaled-e1678297511127-300x200.jpg 300w, https:\/\/thomasalberico-avocat.fr\/wp-content\/uploads\/2023\/03\/pexels-lumn-190295-scaled-e1678297511127-768x512.jpg 768w, https:\/\/thomasalberico-avocat.fr\/wp-content\/uploads\/2023\/03\/pexels-lumn-190295-scaled-e1678297511127.jpg 1500w\" sizes=\"auto, (max-width: 1024px) 100vw, 1024px\" \/><\/figure><div class=\"wp-block-media-text__content\">\n<p class=\"has-text-align-left wp-block-paragraph\">Par courrier : <br><br><strong>Ma\u00eetre Thomas Alberico<br>Avocat au Barreau de Lyon<br>21, rue d\u2019Alg\u00e9rie<br>69001 Lyon<\/strong><\/p>\n<\/div><\/div>\n\n\n\n<div class=\"wp-block-media-text alignwide is-stacked-on-mobile has-tertiary-color has-text-color has-source-serif-pro-font-family\" style=\"font-size:clamp(0.875rem, 0.875rem + ((1vw - 0.2rem) * 0.591), 1.2rem);grid-template-columns:18% auto\"><figure class=\"wp-block-media-text__media\"><img loading=\"lazy\" decoding=\"async\" width=\"1024\" height=\"766\" src=\"https:\/\/thomasalberico-avocat.fr\/wp-content\/uploads\/2023\/03\/pexels-pixabay-163007-1-scaled-e1678298321177-1024x766.jpg\" alt=\"\" class=\"wp-image-162 size-full\" srcset=\"https:\/\/thomasalberico-avocat.fr\/wp-content\/uploads\/2023\/03\/pexels-pixabay-163007-1-scaled-e1678298321177-1024x766.jpg 1024w, https:\/\/thomasalberico-avocat.fr\/wp-content\/uploads\/2023\/03\/pexels-pixabay-163007-1-scaled-e1678298321177-300x224.jpg 300w, https:\/\/thomasalberico-avocat.fr\/wp-content\/uploads\/2023\/03\/pexels-pixabay-163007-1-scaled-e1678298321177-768x574.jpg 768w, https:\/\/thomasalberico-avocat.fr\/wp-content\/uploads\/2023\/03\/pexels-pixabay-163007-1-scaled-e1678298321177-1536x1148.jpg 1536w, https:\/\/thomasalberico-avocat.fr\/wp-content\/uploads\/2023\/03\/pexels-pixabay-163007-1-scaled-e1678298321177.jpg 1977w\" sizes=\"auto, (max-width: 1024px) 100vw, 1024px\" \/><\/figure><div class=\"wp-block-media-text__content\">\n<p class=\"has-tertiary-color has-text-color wp-block-paragraph\">Par t\u00e9l\u00e9phone :<\/p>\n\n\n\n<p class=\"has-tertiary-color has-text-color wp-block-paragraph\"><strong>07 78 66 10 96<\/strong><\/p>\n\n\n\n<p class=\"has-tertiary-color has-text-color wp-block-paragraph\"><em>(N&#8217;h\u00e9sitez pas \u00e0 laisser un message)<\/em><\/p>\n<\/div><\/div>\n","protected":false},"excerpt":{"rendered":"<p>Contact Vous pouvez me contacter par t\u00e9l\u00e9phone, par courriel ou par courrier. Un premier \u00e9change t\u00e9l\u00e9phonique pourra \u00eatre organis\u00e9 et permettra de pr\u00e9ciser l\u2019objet de votre demande et, le cas \u00e9ch\u00e9ant, les modalit\u00e9s d\u2019une intervention. Il ne donne pas lieu \u00e0 facturation. Vous pouvez me contacter : Par courriel : contact@thomasalberico-avocat.fr Par courrier : Ma\u00eetre [&hellip;]<\/p>\n","protected":false},"author":1,"featured_media":0,"parent":0,"menu_order":0,"comment_status":"closed","ping_status":"closed","template":"blank","meta":{"footnotes":""},"class_list":["post-148","page","type-page","status-publish","hentry"],"_links":{"self":[{"href":"https:\/\/thomasalberico-avocat.fr\/index.php\/wp-json\/wp\/v2\/pages\/148","targetHints":{"allow":["GET"]}}],"collection":[{"href":"https:\/\/thomasalberico-avocat.fr\/index.php\/wp-json\/wp\/v2\/pages"}],"about":[{"href":"https:\/\/thomasalberico-avocat.fr\/index.php\/wp-json\/wp\/v2\/types\/page"}],"author":[{"embeddable":true,"href":"https:\/\/thomasalberico-avocat.fr\/index.php\/wp-json\/wp\/v2\/users\/1"}],"replies":[{"embeddable":true,"href":"https:\/\/thomasalberico-avocat.fr\/index.php\/wp-json\/wp\/v2\/comments?post=148"}],"version-history":[{"count":9,"href":"https:\/\/thomasalberico-avocat.fr\/index.php\/wp-json\/wp\/v2\/pages\/148\/revisions"}],"predecessor-version":[{"id":204,"href":"https:\/\/thomasalberico-avocat.fr\/index.php\/wp-json\/wp\/v2\/pages\/148\/revisions\/204"}],"wp:attachment":[{"href":"https:\/\/thomasalberico-avocat.fr\/index.php\/wp-json\/wp\/v2\/media?parent=148"}],"curies":[{"name":"wp","href":"https:\/\/api.w.org\/{rel}","templated":true}]}}

<div class="wp-block-group alignfull has-global-padding is-layout-constrained wp-block-group-is-layout-constrained">
<div class="wp-block-group alignfull is-content-justification-space-between is-layout-flex wp-container-core-group-is-layout-8a31a4b2 wp-block-group-is-layout-flex" style="padding-top:1em;padding-right:1em;padding-bottom:0em;padding-left:1em">
<div class="wp-block-group is-layout-flex wp-block-group-is-layout-flex"><div class="wp-block-site-logo"><a href="https://thomasalberico-avocat.fr/" class="custom-logo-link" rel="home"><img loading="lazy" decoding="async" width="60" height="62" src="https://thomasalberico-avocat.fr/wp-content/uploads/2022/10/cropped-Logo-paint-inverse-1.png" class="custom-logo" alt="Maître Thomas Alberico" /></a></div>

<h1 class="wp-block-site-title has-medium-font-size"><a href="https://thomasalberico-avocat.fr" target="_self" rel="home">Maître Thomas Alberico</a></h1></div>


<nav class="has-medium-font-size is-responsive items-justified-right wp-block-navigation has-source-serif-pro-font-family is-content-justification-right is-layout-flex wp-container-core-navigation-is-layout-de66bf79 wp-block-navigation-is-layout-flex" aria-label="Menu principal" 
		 data-wp-interactive="core/navigation" data-wp-context='{"overlayOpenedBy":{"click":false,"hover":false,"focus":false},"type":"overlay","roleAttribute":"","ariaLabel":"Menu"}'><button aria-haspopup="dialog" aria-label="Open menu" class="wp-block-navigation__responsive-container-open" 
				data-wp-on--click="actions.openMenuOnClick"
				data-wp-on--keydown="actions.handleMenuKeydown"
			><svg width="24" height="24" xmlns="http://www.w3.org/2000/svg" viewBox="0 0 24 24" aria-hidden="true" focusable="false"><path d="M4 7.5h16v1.5H4z"></path><path d="M4 15h16v1.5H4z"></path></svg></button>
				<div class="wp-block-navigation__responsive-container"  id="modal-1" 
				data-wp-class--has-modal-open="state.isMenuOpen"
				data-wp-class--is-menu-open="state.isMenuOpen"
				data-wp-watch="callbacks.initMenu"
				data-wp-on--keydown="actions.handleMenuKeydown"
				data-wp-on--focusout="actions.handleMenuFocusout"
				tabindex="-1"
			>
					<div class="wp-block-navigation__responsive-close" tabindex="-1">
						<div class="wp-block-navigation__responsive-dialog" 
				data-wp-bind--aria-modal="state.ariaModal"
				data-wp-bind--aria-label="state.ariaLabel"
				data-wp-bind--role="state.roleAttribute"
			>
							<button aria-label="Close menu" class="wp-block-navigation__responsive-container-close" 
				data-wp-on--click="actions.closeMenuOnClick"
			><svg xmlns="http://www.w3.org/2000/svg" viewBox="0 0 24 24" width="24" height="24" aria-hidden="true" focusable="false"><path d="m13.06 12 6.47-6.47-1.06-1.06L12 10.94 5.53 4.47 4.47 5.53 10.94 12l-6.47 6.47 1.06 1.06L12 13.06l6.47 6.47 1.06-1.06L13.06 12Z"></path></svg></button>
							<div class="wp-block-navigation__responsive-container-content" 
				data-wp-watch="callbacks.focusFirstElement"
			 id="modal-1-content">
								<ul class="wp-block-navigation__container has-medium-font-size is-responsive items-justified-right wp-block-navigation has-source-serif-pro-font-family"><li class="wp-block-navigation-item wp-block-navigation-link"><a class="wp-block-navigation-item__content"  href="https://thomasalberico-avocat.fr" target="_blank"  ><span class="wp-block-navigation-item__label">Accueil</span></a></li><li class="wp-block-navigation-item wp-block-navigation-link"><a class="wp-block-navigation-item__content"  href="https://thomasalberico-avocat.fr/index.php/presentation/"><span class="wp-block-navigation-item__label">Présentation</span></a></li><li class="wp-block-navigation-item wp-block-navigation-link"><a class="wp-block-navigation-item__content"  href="https://thomasalberico-avocat.fr/index.php/competences/"><span class="wp-block-navigation-item__label">Domaines de compétences</span></a></li><li class="wp-block-navigation-item wp-block-navigation-link"><a class="wp-block-navigation-item__content"  href="https://thomasalberico-avocat.fr/index.php/honoraires-2/"><span class="wp-block-navigation-item__label">Honoraires</span></a></li><li class="wp-block-navigation-item wp-block-navigation-link"><a class="wp-block-navigation-item__content"  href="https://thomasalberico-avocat.fr/index.php/mentions-legales/"><span class="wp-block-navigation-item__label">Mentions légales</span></a></li><li class="wp-block-navigation-item wp-block-navigation-link"><a class="wp-block-navigation-item__content"  href="https://thomasalberico-avocat.fr/index.php/contact/"><span class="wp-block-navigation-item__label">Contact</span></a></li></ul>
								
							</div>
						</div>
					</div>
				</div></nav></div>
</div>



<p class="has-text-align-left has-source-serif-pro-font-family wp-block-paragraph"><br><strong>Contact</strong></p>



<p class="wp-block-paragraph">Vous pouvez me contacter par téléphone, par courriel ou par courrier.</p>



<p class="wp-block-paragraph">Un premier échange téléphonique pourra être organisé et permettra de préciser l’objet de votre demande et, le cas échéant, les modalités d’une intervention. <br>Il ne donne pas lieu à facturation.</p>



<p class="has-text-align-left has-source-serif-pro-font-family wp-block-paragraph"><br> <br>Vous pouvez me contacter :</p>



<div class="wp-block-media-text alignwide is-stacked-on-mobile has-source-serif-pro-font-family" style="font-size:clamp(0.875rem, 0.875rem + ((1vw - 0.2rem) * 0.591), 1.2rem);grid-template-columns:18% auto"><figure class="wp-block-media-text__media"><img loading="lazy" decoding="async" width="1024" height="755" src="https://thomasalberico-avocat.fr/wp-content/uploads/2023/03/pexels-cottonbro-studio-4065617-scaled-e1678297364654-1024x755.jpg" alt="" class="wp-image-156 size-medium" srcset="https://thomasalberico-avocat.fr/wp-content/uploads/2023/03/pexels-cottonbro-studio-4065617-scaled-e1678297364654-1024x755.jpg 1024w, https://thomasalberico-avocat.fr/wp-content/uploads/2023/03/pexels-cottonbro-studio-4065617-scaled-e1678297364654-300x221.jpg 300w, https://thomasalberico-avocat.fr/wp-content/uploads/2023/03/pexels-cottonbro-studio-4065617-scaled-e1678297364654-768x567.jpg 768w, https://thomasalberico-avocat.fr/wp-content/uploads/2023/03/pexels-cottonbro-studio-4065617-scaled-e1678297364654-1536x1133.jpg 1536w, https://thomasalberico-avocat.fr/wp-content/uploads/2023/03/pexels-cottonbro-studio-4065617-scaled-e1678297364654.jpg 1708w" sizes="auto, (max-width: 1024px) 100vw, 1024px" /></figure><div class="wp-block-media-text__content">
<p class="has-text-align-left wp-block-paragraph">Par courriel :</p>



<p class="has-text-align-left wp-block-paragraph"><strong>contact@thomasalberico-avocat.fr</strong></p>
</div></div>



<div class="wp-block-media-text alignwide is-stacked-on-mobile has-source-serif-pro-font-family" style="margin-top:0;margin-right:0;margin-bottom:0;margin-left:var(--wp--preset--spacing--60);font-size:clamp(0.875rem, 0.875rem + ((1vw - 0.2rem) * 0.591), 1.2rem);grid-template-columns:18% auto"><figure class="wp-block-media-text__media"><img loading="lazy" decoding="async" width="1024" height="683" src="https://thomasalberico-avocat.fr/wp-content/uploads/2023/03/pexels-lumn-190295-scaled-e1678297511127-1024x683.jpg" alt="" class="wp-image-155 size-thumbnail" srcset="https://thomasalberico-avocat.fr/wp-content/uploads/2023/03/pexels-lumn-190295-scaled-e1678297511127-1024x683.jpg 1024w, https://thomasalberico-avocat.fr/wp-content/uploads/2023/03/pexels-lumn-190295-scaled-e1678297511127-300x200.jpg 300w, https://thomasalberico-avocat.fr/wp-content/uploads/2023/03/pexels-lumn-190295-scaled-e1678297511127-768x512.jpg 768w, https://thomasalberico-avocat.fr/wp-content/uploads/2023/03/pexels-lumn-190295-scaled-e1678297511127.jpg 1500w" sizes="auto, (max-width: 1024px) 100vw, 1024px" /></figure><div class="wp-block-media-text__content">
<p class="has-text-align-left wp-block-paragraph">Par courrier : <br><br><strong>Maître Thomas Alberico<br>Avocat au Barreau de Lyon<br>21, rue d’Algérie<br>69001 Lyon</strong></p>
</div></div>



<div class="wp-block-media-text alignwide is-stacked-on-mobile has-tertiary-color has-text-color has-source-serif-pro-font-family" style="font-size:clamp(0.875rem, 0.875rem + ((1vw - 0.2rem) * 0.591), 1.2rem);grid-template-columns:18% auto"><figure class="wp-block-media-text__media"><img loading="lazy" decoding="async" width="1024" height="766" src="https://thomasalberico-avocat.fr/wp-content/uploads/2023/03/pexels-pixabay-163007-1-scaled-e1678298321177-1024x766.jpg" alt="" class="wp-image-162 size-full" srcset="https://thomasalberico-avocat.fr/wp-content/uploads/2023/03/pexels-pixabay-163007-1-scaled-e1678298321177-1024x766.jpg 1024w, https://thomasalberico-avocat.fr/wp-content/uploads/2023/03/pexels-pixabay-163007-1-scaled-e1678298321177-300x224.jpg 300w, https://thomasalberico-avocat.fr/wp-content/uploads/2023/03/pexels-pixabay-163007-1-scaled-e1678298321177-768x574.jpg 768w, https://thomasalberico-avocat.fr/wp-content/uploads/2023/03/pexels-pixabay-163007-1-scaled-e1678298321177-1536x1148.jpg 1536w, https://thomasalberico-avocat.fr/wp-content/uploads/2023/03/pexels-pixabay-163007-1-scaled-e1678298321177.jpg 1977w" sizes="auto, (max-width: 1024px) 100vw, 1024px" /></figure><div class="wp-block-media-text__content">
<p class="has-tertiary-color has-text-color wp-block-paragraph">Par téléphone :</p>



<p class="has-tertiary-color has-text-color wp-block-paragraph"><strong>07 78 66 10 96</strong></p>



<p class="has-tertiary-color has-text-color wp-block-paragraph"><em>(N&#8217;hésitez pas à laisser un message)</em></p>
</div></div>

<p>Contact Vous pouvez me contacter par téléphone, par courriel ou par courrier. Un premier échange téléphonique pourra être organisé et permettra de préciser l’objet de votre demande et, le cas échéant, les modalités d’une intervention. Il ne donne pas lieu à facturation. Vous pouvez me contacter : Par courriel : contact@thomasalberico-avocat.fr Par courrier : Maître [&hellip;]</p>
